is q(-6)?
-6
Suppose o + 4 = -2*m + 9, 5*m = 2*o + 26. Suppose z + 8 = -5*t, -m*t + 3*z - 1 = 2*z. Let w(i) = 5*i**2 - 1. Give w(t).
4
Let l(o) = 116003*o - 7 - 116027*o + 8. Calculate l(-1).
25
Let w be ((-8 + 0)/4)/(-1). Suppose -2*y + 10 - 12 = 0. Let s be w*((-3)/y - 7). Let h(f) = -f**2 - 10*f - 5. What is h(s)?
11
Let u(g) be the third derivative of g**8/20160 + g**7/630 + g**6/240 - g**5/10 + 2*g**2 - 5*g. Let h(v) be the third derivative of u(v). Give h(-7).
-4
Suppose 5*w = 5*k + 68 - 13, -10*k = -2*w + 78. Let c(n) = 7*n - 13. Give c(w).
15
Let h = -269 + 269. Suppose 2*y - 9 = -44*d + 39*d, y - 4*d + 15 = h. Let v(n) = 4*n - 4. Determine v(y).
-16
Let x(b) = -b**3 + 31*b**2 - 21*b - 267. Let u be x(30). Let d(q) = q**3 + q + 7. Calculate d(u).
37
Suppose 6 = 2*s, -1 = u - 162*s + 158*s. Let o(l) = -46*l + 497. Give o(u).
-9
Let t(o) = 1. Let a(v) = -13*v**2 - 3*v + 15. Let l(z) = a(z) - 4*t(z). Let u(p) = -4*p**2 - p + 4. Let s(c) = 4*l(c) - 11*u(c). Calculate s(-1).
-7
Let p(a) = 0 + 3 + 28*a - 66*a + 39*a - 22*a**2. Give p(-1).
-20
Let r(p) = 2329 - p - 4648 + 2317. Calculate r(8).
-10
Let c(t) be the third derivative of 5*t**4/24 + t**3/3 - 5*t**2. Suppose l - 43 = -42. Determine c(l).
7
Let f(c) = -c**3 - 8*c**2 - 5*c + 9. Let i = -353 - -364. Suppose -3*z + i*v = 9*v + 13, -9 = -z + 4*v. Determine f(z).
-5
Let b(d) = -d**3 - 7*d**2 + 5*d - 4. Let c(i) = -72*i + 655. Let n(p) = 34*p - 327. Let j(o) = -3*c(o) - 5*n(o). Let a be j(7). Calculate b(a).
20
Let q(i) = 751*i**2 - 14*i**3 - 751*i**2 + 1. Suppose r + 7 = 4. Let g = r + 2. Calculate q(g).
15
Let m(y) = 18 + 17 - 3526372*y + 3526373*y. Give m(0).
35
Let u(g) be the first derivative of g**2/2 + 722. Suppose -k - 15 = 4*k + 2*s, 7 = -2*k - s. Determine u(k).
-1
Let y(b) = -b + 6. Let o be y(-5). Let z(u) = 10*u + 1. Let j(w) = 50*w + 6. Let m(s) = o*z(s) - 2*j(s). Suppose -1409*f - 17730 = -16321. What is m(f)?
-11
Let d(c) = -6*c**2 - 381*c + 163. Let h be d(-64). Let k(i) = -13*i - 373. Calculate k(h).
4
Let t(l) = -7*l**2 + 47*l - 7. Let b(o) = 5*o**2 - 35*o + 5. Let j(c) = 4*b(c) + 3*t(c). Suppose -r = -2*r + 9. Suppose 0 = 3*a - 6*a + r. Give j(a).
-7
Let b(u) = 2*u + u**3 + 5*u**2 + 0*u - 1 - 2*u**2. Let z be -16 - -11 - (0 + -69). Suppose -62*a + 4 = -z*a. Calculate b(a).
-1
Let r(s) = s + 8. Let i = 2787 + -2796. Calculate r(i).
-1
Suppose -3*h - 2*s - 6 = -4*s, 3*s = 4*h + 10. Let o(c) be the first derivative of 6*c + 12 + 11/2*c**h + 1/3*c**3. Give o(-9).
-12
Let j(c) be the second derivative of 13/2*c**2 + 1/3*c**4 + 1/60*c**5 + 7/6*c**3 - 5*c + 0. Let y(l) be the first derivative of j(l). What is y(-5)?
-8
Let r(m) be the first derivative of m**4/4 - 5*m**3 + 15*m**2/2 - 14*m + 924. Give r(14).
0
Let a(i) = 16*i**2 - 2*i + 1. Let c = 50 - 84. Let q(j) = j**3 - 11*j**2 + 20*j + 17. Let z be q(9). Let t = c + z. What is a(t)?
15
Let v(b) be the second derivative of 1/2*b**2 + 2/3*b**4 + 1/6*b**3 + 0 - 310*b. Calculate v(-1).
8
Let m = 22 - 26. Let y(k) = k**3 + 4*k**2 - k - 2. Let w be y(m). Let g be ((-25)/10 - -3)/(w/(-28)). Let a(f) = -3*f - 4. Give a(g).
17
Let i(w) = 8*w - 4. Let x(d) = d**2 + 46*d + 4. Let r be x(-46). What is i(r)?
28
Let r(m) = -m**2 + 3*m + 7. Let g be 118*(-2)/6*(-6)/4. Suppose 54 = -v + g. Give r(v).
-3
Let g(w) = w**3 + 8*w**2 - 11*w - 126. Suppose -47*y + 974 - 1303 = 0. Determine g(y).
0
Let s be 0 + 17/3 - 1/(-3). Suppose u - s*u = -15. Suppose -u = -5*q + 2*q. Let b(c) = -3*c - 1. What is b(q)?
-4
Let b(q) be the third derivative of q**5/30 - q**4/8 - 5*q**3/3 - 3131*q**2. What is b(4)?
10
Let d(z) = z**2 + 31*z - 94. Suppose -3*p - 3 = 16*l - 13*l, 2*l + 8 = 0. What is d(p)?
8
Suppose -10*d + 22 - 2 = 0. Let r(k) = k**3 + 13 + k + 3 - 14 + 6 + 8*k**d. What is r(-8)?
0
Let t(r) be the third derivative of -r**5/60 + 17*r**4/24 - 11*r**3/2 - 6*r**2 + 10. What is t(15)?
-3
Suppose 17*m = 14*m + 9. Let s(a) = -m*a - a + a**3 + 136*a**2 - 2 - 2*a - 133*a**2. Let b(x) = -x + 1. Let c be b(5). Determine s(c).
6
Suppose s - 76*t = -80*t - 13, 3*s = 3*t + 21. Let m(l) = -22*l + 4*l**2 - l**3 + 23*l + 0*l**3 - 3. Give m(s).
9
Let r(n) = n - 10. Let u be (1 - -35)*1 + 1. Let s be (2/(-8))/(-2*(-5)/(-1720)). Let z = s - u. What is r(z)?
-4
Let t(i) = 50*i**3 - 7*i**2 + 20*i + 10. Let v(a) = 42*a**3 - 6*a**2 + 17*a + 9. Let h(c) = -5*t(c) + 6*v(c). Calculate h(2).
20
Suppose 24*q = -h + 26*q + 19, -17*h - 5*q = -50. Let j(p) = -16*p + 100. What is j(h)?
20
Let h(s) = 2*s + 5. Let b be 8 + (1/(-3))/((-1)/3). Suppose -b*z = -23 + 5. Suppose -3*m - z*x = 13, 3*x = -3*m - 0*x - 9. Calculate h(m).
-9
Let o(r) = r**3 + 7*r**2 - 4*r + 30. Let c be o(-8). Let u(t) be the third derivative of -t**6/120 - t**5/60 + t**4/12 + t**3/2 - 8*t**2. What is u(c)?
3
Let l(f) = f**2 + 21*f + 86. Let z be l(-14). Let d(v) be the first derivative of v**4/4 + 11*v**3/3 - 6*v**2 - 2*v + 61. Calculate d(z).
-2
Let y(t) = -2*t**2 + 40*t - 31. Let v = -4500 - -4519. Determine y(v).
7
Let l(j) be the first derivative of 6*j**2 - 11*j + 11 - 1/3*j**3. Calculate l(9).
16
Let y(p) = -p + 13. Let v = 634 - 197. Suppose -v = 5*s - 0*s + 4*i, 81 = -s - 4*i. Let b = s + 98. What is y(b)?
4
Let w = 3698 + -3689. Let d(f) = -f**2 + 14*f - 46. What is d(w)?
-1
Let f(i) be the first derivative of 14*i + 1/4*i**4 + 10/3*i**3 + 60 - 4*i**2. What is f(-11)?
-19
Suppose -22 = m + 4*w, -4*w - 7 = -4*m - w. Let n be 3/((-4)/(-4) - m - 2). Let c(t) = t - 4. Let s(u) = -u + 4. Let k(x) = -4*c(x) - 3*s(x). Calculate k(n).
1
Let n(m) be the second derivative of m**5/10 + m**3/3 + m**2/2 + m. Let y be (741/(-195) - -2) + (-1)/5. Calculate n(y).
-19
Let h(x) = -3 + 0 + x + 2. Let g(r) = 5*r - 3. Let o be (8/(-10))/(6/(-30)). Let m(b) = o*h(b) - g(b). What is m(-3)?
2
Let l = -134 - -134. Let x(n) be the first derivative of -n**3/3 - 3*n**2/2 + n - 583. Calculate x(l).
1
Suppose 0 = -2*g - 5*g + 3*g. Suppose g = -3*q - 4*v + 15, -q - 4*q = 5*v - 20. Let i be (0/1)/(0 - q - 1). Let y(x) = -x**2 + 2. What is y(i)?
2
Suppose -112 = 124*w - 68*w. Let l(u) = -18*u + 1. Give l(w).
37
Let m be 33495/(-8932)*1/9*-2. Let k(t) be the third derivative of m*t**3 - 7/24*t**4 + 0 - 3/20*t**5 + 0*t - 1/120*t**6 + 23*t**2. What is k(-8)?
-3
Let a(g) be the second derivative of g**4/12 - 4*g**3/3 - g**2/2 + 81*g. Let x = 125 + -117. What is a(x)?
-1
Let z(h) = -3*h + 17. Suppose -4*x + 12 + 39 = -3*u, 3*x = -4*u + 57. Suppose 10 = -d + x. Let k be z(d). Let t(c) = -2*c + 3. Calculate t(k).
-1
Let o = 20644 + -20654. Let f(h) = 15*h + 153. Give f(o).
3
Let v(n) be the first derivative of n**4/4 + 4*n**3/3 - 11*n**2 + n - 326. Give v(-7).
8
Let i(q) = q**2 + q - 1. Let j = 70 - -40. Let d = j + -108. What is i(d)?
5
Let n(h) = h**2 - 2*h - 11. Let s(q) = 39*q**2 + 10*q + 122. Let w(d) = 11*n(d) + s(d). Give w(1).
39
Let o(n) be the third derivative of n**6/360 - n**5/30 + n**4/12 + 7*n**3 - 45*n**2. Let v(b) be the first derivative of o(b). Give v(3).
-1
Let w(t) be the first derivative of 1/2*t**2 + t - 65. Give w(-3).
-2
Let m(n) = 2*n - 1. Let i(u) = u - 9. Let s be i(8). Let r(o) = 6*o - 6. Let h(f) = s*r(f) - m(f). What is h(6)?
-41
Suppose -2*l = -15*l - 10*l + 2116. Suppose -3*i + 6*i - 264 = 0. Let y(s) = -9*s + 4*s - l + i + s**2. Determine y(5).
-4
Let q(p) = 402*p - 270. Let c(o) = 93*o - 68. Let s(l) = -26*c(l) + 6*q(l). Calculate s(30).
-32
Let i(x) = -7 + 16*x + 14*x + 5 - 39*x. Let k be 5 + 0 + (0 - (8 + -7)). Determine i(k).
-38
Let w = 10 - 6. Let p(r) = -2*r + 4 + w*r - 2. Let v be (119 + -124)/(1/(-4)*10). Give p(v).
6
Let c(d) = 2*d**3 + 2*d**2 - d - 2. Let i be 2768/40*(-13 - 3/(-1)). Let t = -694 - i. Give c(t).
-8
Let q(h) = -259*h**3 - 7*h - 3 + 258*h**3 - 9*h**2 - h. Let b = -66 - -94. Suppose c = -4*x + 2*c - b, -2*c = -x. Give q(x).
-3
Let u(c) = -5*c**3 - c**2 + 74*c - 47. Let b(r) = r**3 - 19*r + 1. Let l(s) = 4*b(s) + u(s). Give l(0).
-43
Let w(y) = 49*y. Let u(v) = v**2 + 14*v - 3. Let b be u(0). Let q(d) = -2 + 2 + 10*d. Let t(p) = b*w(p) + 14*q(p). Calculate t(-1).
7
Let h = -118 + 123. Let c(u) = -2*u + 1. Let z(a) = 2*a - 1. Let k = 10 - 6. Let t(s) = h*c(s) + k*z(s). What is t(7)?
-13
Let m(f) be the third derivative of f**6/60 - 7*f**5/30 + f**4/6 - 13*f**3/3 - f**2 - 23. Le